c(l) = -2*l - 5. Let o(a) = 5*c(a) + 4*n(a). What is the units digit of o(t)?
3
Let w(m) = -m**3 + 4*m**2 - 3*m + 2. Let q be w(2). Suppose 9*p = q*p + 5. What is the units digit of -2*(-4 + 0/p)?
8
Suppose 0 = -5*a + 5 - 15, 17 = i - 4*a. What is the units digit of i?
9
Let j be 2/(-4)*(6 + -8). Let h(q) = q**3 - j - 8 + 11*q**2 - 2*q**3 + 2*q. What is the units digit of h(11)?
3
Let k = 1026 - 728. What is the hundreds digit of k?
2
Let h(x) = 21*x - 22. What is the hundreds digit of h(6)?
1
Suppose 2*t - 14 = -4*c, -2*t + 0 = c - 5. Let d be 3 - 5 - -9 - t. Suppose -4*w = -w - d. What is the units digit of w?
2
Suppose 7*u = 4*u. Suppose -b = -8 - u. What is the units digit of b?
8
Suppose o - 3 = 0, -d + 2*o - 14 = -5*d. Suppose -d*l = -29 - 13. What is the tens digit of l?
2
Suppose 5*h - 9 = -0*m - m, 4 = 2*m - 4*h. Suppose 0*c + 16 = m*c. Suppose -2*j - 16 = -c*j. What is the units digit of j?
8
Let z = 168 + -94. What is the units digit of z?
4
Let k = 4 - 2. Suppose k*w = 3 + 7. What is the units digit of w?
5
Let n = 9 + -9. Let f = n - -5. What is the units digit of f?
5
Suppose 3*t - 2 = 7. What is the units digit of t?
3
Let m = 329 - 218. What is the units digit of m?
1
Let o(g) = -93*g + 6. What is the units digit of o(-1)?
9
Let h be ((-2)/5)/(2/(-10)). Let b = h + -2. Let y = b - -3. What is the units digit of y?
3
Suppose -5*h - 2*c = 2*c + 56, 2*h + 23 = -c. Let g be (4/(-8))/((-3)/h). What is the tens digit of (-3 - (g + 2)) + 20?
1
Let m(z) = z**3 - 2*z**2 + 3*z. Let o be m(2). Let n(d) = -d**2 + 7*d. What is the units digit of n(o)?
6
Let o = -26 + 71. What is the tens digit of o?
4
Let m(v) = 0*v**2 - 2*v + 0*v - v**3 - 3*v**2 - 4. What is the units digit of m(-3)?
2
Let q = 7 - 1. Let a(u) = -2*u**3 - 10*u**2 + 4*u - 2. Let g(s) = -3*s**3 - 11*s**2 + 3*s - 2. Let m(t) = 4*a(t) - 3*g(t). What is the units digit of m(q)?
4
Let x be ((-6)/(-4))/(9/306). Let i = x - 34. What is the units digit of i?
7
Let y(x) be the second derivative of x**5/20 - x**4/3 + x**3/3 - x**2/2 + 2*x. What is the units digit of y(5)?
4
Let f(j) = -j**3 - j**2 - j - 4. Let h be f(0). Let n be (h/(-5))/(6/45). Let d = n + 5. What is the units digit of d?
1
Let o = 4 - 7. Let s be 70/(-12) + o/18. Let q(f) = -f**2 - 7*f - 3. What is the units digit of q(s)?
3
Suppose -18 = 6*v - v - z, -v = -z + 6. Let r(m) = 2*m**2 - 2. Let p be r(v). Suppose b = -3*b + p. What is the units digit of b?
4
Let y(d) = -7 + 2*d**2 + 11*d + 0*d**2 - 3*d**2 + 2. What is the units digit of y(10)?
5
What is the units digit of -7 - -5 - -21*2?
0
Suppose 0 = -10*z + 4*z + 234. What is the units digit of z?
9
Let k = -7 + 14. Suppose k + 33 = 4*n. Suppose n - 2 = o. What is the units digit of o?
8
Let u(m) = -2*m - 4. Let k be u(-5). Let z(g) = g**2 - 7*g + 10. What is the units digit of z(k)?
4
Let g(s) = -s**3 - 3*s**2 - 3*s + 1. Let k be ((-3)/9 + 0)*-6. Suppose 0 = -k*n - 2*n - 12. What is the units digit of g(n)?
0
Let l(m) = -m**2 - 4*m. Let w be l(-4). Suppose w*t + 14 = 2*t. Let f = -5 + t. What is the units digit of f?
2
Let b(v) = v + 4. Let j be b(-4). Suppose j = 3*i - k + 2, -3*k + 0*k - 8 = -2*i. What is the units digit of 2*(i + (-14)/(-4))?
3
Let c = 3 + -9. What is the tens digit of c*(-2)/(-9)*-24?
3
Let n be (-1 - -1)/(-2 + 0). Suppose n = -4*c + 9 - 1. Let k = c + 3. What is the units digit of k?
5
Suppose -3*i + 48 - 12 = 0. What is the units digit of i?
2
Let a = 153 - -183. What is the tens digit of a?
3
Suppose 4*d + 0*d = 0, 4*p = -5*d + 168. What is the tens digit of p?
4
Suppose -2*k + 15 - 5 = 2*d, d = -4*k + 14. Suppose k*u = -4 + 16. What is the units digit of u?
4
Let i(s) be the first derivative of s**2/2 - 2*s + 2. What is the units digit of i(5)?
3
Let n = 335 + 22. What is the tens digit of n?
5
Suppose -2*a - 4*t + 30 = 0, -t + 3*t + 35 = a. Suppose 6*j - a = j. Suppose 0 = 2*d + n - 17, 32 = 3*d - j*n - 0*n. What is the units digit of d?
9
Let b(i) = -9*i + 12. What is the tens digit of b(-3)?
3
Let q(n) = -n**2 + 4*n + 20. What is the units digit of q(6)?
8
Let b be -2*(-2)/(-4) - -27. Suppose 0 = 3*o + 4*d + 14, -d - b = -3*o + 3*d. What is the units digit of o?
2
Let a(k) = -k**2 - 24*k - 39. What is the units digit of a(-20)?
1
Suppose -o = o + 114. What is the units digit of (-3)/2 - o/6?
8
Suppose h - 41 = -4*h + 4*u, 4*u = 3*h - 31. Let y = 6 - h. What is the units digit of y?
1
What is the tens digit of 2694/45 + (-6)/(-45)?
6
Let p be (-1 - -2)*(-15 - 0). Let o = p - -31. What is the units digit of o?
6
Suppose z + 4 = 3*z. Suppose z = 3*b + 2*j, -3*j = -0*b - b + 19. Suppose 4*i + 42 = 4*a - 30, b*a = -3*i + 72. What is the tens digit of a?
1
Suppose -4*p - 13 = 5*k, 12 = -4*p - p - 2*k. Let t(c) = -c + 1. Let h be t(p). Let u = -1 + h. What is the units digit of u?
2
Let j(w) = -19*w - 10. What is the tens digit of j(-3)?
4
Let f(a) be the first derivative of a**4/4 - 10*a**3/3 + 11*a**2/2 + 6*a + 4. Let m be f(9). Suppose -52 = -4*b + m. What is the tens digit of b?
1
Suppose 10 = 4*m - v, m = 3*m + 4*v + 4. Suppose l = -m + 4. Suppose l*z = z + 3. What is the units digit of z?
3
Let x = -13 + 50. What is the units digit of x?
7
Suppose 3*b + 5*r = 46, 13 = -2*b + b + 4*r. What is the units digit of b?
7
Suppose -6*n + 6 = -3*n. Suppose -74 + n = -4*m. What is the tens digit of m?
1
Let m = 53 + -29. What is the tens digit of m?
2
Let k = -1 - 5. Let s be 1/3 + 2/k. Suppose s*v = -3*v + 3. What is the units digit of v?
1
Let p(x) = x + 6. Let m(f) = -3. Let h(d) = -5*m(d) - 3*p(d). Let u be (4 - 2)/2 + -5. What is the units digit of h(u)?
9
Suppose 6 + 24 = 2*k. What is the tens digit of k?
1
What is the units digit of 24/(-84) - (-849)/7?
1
Suppose 5*a + 11 = 3*a + 3*o, 0 = 2*a + 5*o - 29. Suppose -g - 2*j + 55 = 0, -2*g = 2*j - 62 - 38. Suppose -a*d = d - g. What is the units digit of d?
5
Let v(w) = -40*w**3 - w**2 - w - 1. What is the units digit of v(-1)?
9
What is the units digit of 3/(-4) - (-163)/4?
0
Suppose 0*y + 5*y = -15. What is the tens digit of y/(-1) - (0 - 19)?
2
Let g(k) = -k**2 + 18*k - 3. What is the units digit of g(8)?
7
Let c = 12 + -6. Suppose -s = -14 + c. What is the units digit of s?
8
What is the units digit of (-14 + 5)*2*7/(-2)?
3
Suppose -3*y - 7 + 64 = 0. What is the tens digit of y?
1
Let p(u) = -u**3 + u**2 + 4*u + 1. What is the tens digit of p(-3)?
2
Let h(p) = -10*p - 1. Let k be h(-1). Let v = k - 6. Suppose -q = 4*j - 12, 24 = v*j - 4*q + q. What is the units digit of j?
4
Suppose 5*k = -4*o + 220, 4*k = 3*o - o + 176. What is the tens digit of k?
4
Let x(r) = 3*r**2 + 10*r - 12. Let j(q) = 2*q**2 + 11*q - 12. Let i(k) = 4*j(k) - 3*x(k). What is the units digit of i(10)?
8
Suppose -6*x + 10*x = 16. Suppose -4 = 3*h - 4*h - x*t, t = 2*h - 8. What is the units digit of h?
4
Let x = 258 + -183. What is the units digit of x?
5
Suppose -3*z - 3*m + 795 = 0, 2*z + 5*m = 3*z - 265. Suppose 6*i - z = i. What is the tens digit of i?
5
Let g(c) = c - 5. Suppose 3*o - b - 87 = 0, 4*b = -5*o + 2*b + 156. Suppose m = -4*m + o. What is the units digit of g(m)?
1
Let h(z) = -z**3 + 5*z**2 - 4*z + 2. Let u be h(4). What is the units digit of u - (3 + -2)/1?
1
Let h be (20/(-6))/((-4)/18). Suppose -5*o + a + a + h = 0, 3 = o - 5*a. What is the units digit of o?
3
Let n be 8/(-14)*(-7)/2. What is the units digit of n*(-1)/(0 - 1)?
2
Suppose -2*m = 2*m + 20, 2*m = 2*z - 14. Suppose -3*a = -z*a - 6. Suppose 0 - a = -q. What is the units digit of q?
6
Suppose -5*g - 3*v = -60, -5*v = -5*g - 2*v + 90. Let z be (g*(1 - 3))/(-2). Let a = -2 + z. What is the units digit of a?
3
Suppose 0 = -5*g + 8*g - 15. Suppose -l - l = g*j - 175, -4*l - 35 = -j. What is the units digit of j?
5
Suppose 6*y = 863 - 59. What is the hundreds digit of y?
1
Let c = -14 + 26. What is the units digit of c?
2
Let j(d) = -d**3 - 5*d**2 + d + 6. What is the units digit of j(-6)?
6
Suppose 3*t + 12 = 0, -2*t - 19 = -5*i + 14. Suppose -y - 22 = -i*q - 0*y, -2*y = 4. Suppose -q*b + 50 = b. What is the tens digit of b?
1
Let s(i) = 2*i**2 + 2*i - 11. What is the tens digit of s(4)?
2
Suppose 3*l - 7 - 17 = 0. Let r be 14/l - 1/(-4). What is the units digit of (7 + -4)*r/6?
1
Suppose 3*c - 9 - 6 = 0. What is the units digit of (-2)/c - 3